-4)/((-2)/1))/(q/(-24))?
13
Suppose -12*h = -v - 7*h - 693, -2*h - 3600 = 5*v. Let t = v + 917. Calculate the remainder when t is divided by 55.
34
Suppose 3*m - 101 = -4*o, 122 = 3*m + m - o. Let z(v) = -18*v + 242. Let g be z(11). What is the remainder when m is divided by (13 - (-11 + g))*1/(-4)?
1
Suppose 3*b + 339 - 1596 = 0. Suppose -b + 719 = 5*s. What is the remainder when s is divided by 31?
29
Let h = 9172 + -9138. What is the remainder when 16452 is divided by h?
30
Let b be 16/4*1329/12. Suppose -369 = -29*y + b. Calculate the remainder when 3 + -1 - (-272)/2 is divided by y.
26
Let h = -22 - -52. Suppose -4*a - 467 = -1247. Suppose -2*v + 103 + a = 0. What is the remainder when v is divided by h?
29
Let d(y) = 363*y - 2610. What is the remainder when d(8) is divided by 89?
27
Let r = -342 + 201. Let w = r + 163. Calculate the remainder when 87 + (-1 - 2) - 1 is divided by w.
17
Let q(d) = 4*d**2 - 15*d + 7. Let j(g) = 14*g + 102. Let z be j(-7). What is the remainder when 32 is divided by q(z)?
10
Let k(i) = -160*i + 10. Let z be k(-3). Suppose -z = -0*s - 10*s. Calculate the remainder when 122 is divided by s.
24
Let a = -8 + 13. Let g(v) = 25*v + 7. Let y = 4170 + -4125. Calculate the remainder when g(a) is divided by y.
42
Let j = -4799 - -4835. Calculate the remainder when (0 + -19)/((-13)/117) is divided by j.
27
Let k = 5413 - 5320. Calculate the remainder when 265 is divided by k.
79
Suppose -5*m + 3*j + 750 = 0, 3*m - 43*j + 44*j = 436. What is the remainder when m is divided by 23?
9
Let m = 22 + -5. Let h(s) = 6*s + 18. Let u be h(m). What is the remainder when 3/(1 - u/125) is divided by 38?
37
Let j(k) = 2*k**2 - 16*k - 51. Let z be j(9). Let s(u) = 2*u + 68. Calculate the remainder when 26 is divided by s(z).
0
Suppose -n = -2*q - 6 + 2, 5*n - 2*q - 20 = 0. Calculate the remainder when 454 is divided by n.
2
Suppose -298 = -4*v - 90. Let i(n) = 302*n - 1487. Calculate the remainder when v is divided by i(5).
6
Suppose 3*c - 4*t = 34, -c - t = -2*c + 12. Suppose 11*d = 1140 - 150. Suppose -d*q - 6488 = -18818. What is the remainder when q is divided by c?
11
Let r(c) be the first derivative of c**4/4 - 3*c**3 + c**2 + 4*c + 51. Let d be r(9). Let o = 27 - d. What is the remainder when 7 is divided by o?
2
Let s(u) = 10 - 3*u + 5*u + 43 + 5*u. Calculate the remainder when 220 is divided by s(-4).
20
Let q = 132 - 127. Suppose -3*f + g = -g - 3, -9 = -q*f + 2*g. Calculate the remainder when 8 is divided by f.
2
Let m = 1401 - 792. Suppose 4*a - 11*a + m = 0. Calculate the remainder when a is divided by 44.
43
Suppose 1384*l + 14 = 1382*l, -3*n + 71 = -5*l. Suppose 3*a + 204 = 4*v - a, -v + 3*a = -59. What is the remainder when v is divided by n?
11
Suppose -65538*x = -65547*x + 3114. What is the remainder when x is divided by 27?
22
Suppose 0 = 14*t - 15*t - 4*m + 80, t - 100 = m. What is the remainder when 266 is divided by t?
74
Suppose -75*m - z = -79*m + 158, 4*m = -3*z + 182. What is the remainder when 75 is divided by m?
34
Let h(g) = -2*g**3 - 4*g**2 - 20*g + 34. What is the remainder when h(-7) is divided by 128?
24
Let s(y) = -y**3 - 14*y**2 + 101 - 39 - 56 - 15*y. What is the remainder when 156 is divided by s(-13)?
28
Let g = 35 - 33. Suppose 0 = g*o - 6*o + 120. Calculate the remainder when 55 is divided by o + 10/(-6) + 1/(-3).
27
Let s = -33 - -53. Suppose -4*p + 2*m = -s, 2*m = p - m - 5. Suppose 5*v - 5*c - 81 = -21, -p*c - 9 = -2*v. What is the remainder when 83 is divided by v?
15
What is the remainder when -2 - (2/11 + (-1836471)/1023) is divided by 69?
68
Let y = -506 + 509. Suppose -100 = -y*d + 3*w + 101, -4*d - 3*w = -268. Calculate the remainder when d is divided by 34.
33
Suppose -b + 1330 = -3*h, -8*b + h = -2*b - 7912. What is the remainder when b is divided by 21?
16
Suppose -4*r + 4 = -s, -r + 2*s - 6 = -0*s. What is the remainder when r + (6 - 4) + 110 is divided by 39?
36
Suppose -379*b = -382*b + g + 28, -2*g = 2. What is the remainder when 213 is divided by b?
6
Let z = -17205 - -18778. Calculate the remainder when z is divided by 57.
34
Let g(h) = -h**3 + h**2 - h + 117. Calculate the remainder when g(0) is divided by 4 - (-84)/(-20) - (-3649)/445.
5
Suppose -2*w + 147 - 29 = 0. What is the remainder when w is divided by -12*(-19)/114*(-6)/(-2)?
5
Let p(b) = b**2 - b - 2. Let m be p(-2). Suppose -m = -4*a, -a = 2*y + 3*y - 136. Let j = 3259 + -3206. Calculate the remainder when j is divided by y.
26
Calculate the remainder when 228 is divided by -7 + -4 + 9 - (-23 + -5).
20
Suppose -88 = 30*h - 628. What is the remainder when 193 is divided by h?
13
Suppose 12*l + 8 = 14*l, -l = -3*o + 182. Calculate the remainder when 178 is divided by o.
54
Suppose 4640 = 6*k - 2*k - 2*c, -5*c = 0. Suppose -k = -12*u + 7*u. Calculate the remainder when u is divided by 18.
16
Let q(v) = -35*v + 265. Let d be ((-28)/6)/((-202)/303). Calculate the remainder when 138 is divided by q(d).
18
Suppose 0 = 94*w - 81*w - 22241 - 47634. Calculate the remainder when w is divided by 767.
6
Let b = 14420 - 14399. Calculate the remainder when 23 is divided by b.
2
Suppose -2*l - 3 = -5*t + 4, -4*l + 2*t + 10 = 0. Let n(d) = 12*d**2 + 2. Calculate the remainder when n(3) is divided by (35/(-15))/((0 - l)/48).
26
Let n = 335 + -347. What is the remainder when 42/(-4)*4*30/n is divided by (-49)/(-4) - (-2)/(-8)?
9
Suppose -2*m + 43*v + 754 = 47*v, 3*v = -m + 373. What is the remainder when m is divided by 99?
88
Suppose -2*n + 1159 = -3*s, 162*n + 3*s = 166*n - 2315. What is the remainder when n is divided by 95?
8
Suppose 8*w - 2*t + 28 = 13*w, -17 = -3*w - t. What is the remainder when 650 is divided by w?
2
Suppose -7*m + 4 = -5*m. Let s = -151 + 118. Let x = s + 47. Calculate the remainder when x is divided by m.
0
Let h = -35 - -49. Let m be (5 - -7)*1/(-2). Calculate the remainder when ((-18)/15)/(-1*m/(-405)) is divided by h.
11
Let d = 20793 - 18458. Calculate the remainder when d is divided by 6.
1
Suppose 751*q + 26179 - 144086 = 0. What is the remainder when 353 is divided by q?
39
Let x(t) = 13*t**2 + 6*t - 6. Let u(o) = 2*o**3 + 35*o**2 + 19*o + 69. Calculate the remainder when x(5) is divided by u(-17).
34
Let r = 268 + -264. Calculate the remainder when 884/119*(-14)/(-4) is divided by r.
2
Suppose -a - 127 = -3*b, 3*b + 152*a - 155*a - 117 = 0. What is the remainder when 146 is divided by b?
14
Let w(g) = -g**3 - g**2 + 7*g - 5. Let i be w(-5). Let n = i + -56. Let h = 313 + -308. Calculate the remainder when h is divided by n.
1
Let c = -3102 - -2147. Let a = c - -1412. Calculate the remainder when a is divided by 27.
25
Suppose 0 = 10*g - 5*g + 5*i - 40, -g + 2 = 4*i. What is the remainder when 195 is divided by g/(250/45)*5?
6
Suppose 0 = 2*n + x - 295, -3*n + 2*x = -400 - 46. Calculate the remainder when 632 is divided by n.
40
Suppose -32*p = -16813 + 1421. What is the remainder when p is divided by 38?
25
Let o be (12/(-10))/(5/(2500/(-15))). Suppose 2*b - 198 - o = 0. Suppose s = 3 + 5. What is the remainder when b is divided by s?
7
Let w(x) = 4*x + 70. Let v be w(5). Suppose -17*c + v = -233. Suppose 26 = 2*d + 4. Calculate the remainder when c is divided by d.
8
Let p be 70*(4 - (-12)/(-8)). Suppose -5*k - t = -p + 75, -t = k - 20. Let g(x) = 56*x - 10. Calculate the remainder when g(3) is divided by k.
18
What is the remainder when (-3*1)/(-45 + 40 - (-12254)/2452) is divided by 27?
11
Let x(r) = -22*r**3 + 2*r**2 - 2. Suppose -5*y + 4*y = -i - 6, 0 = -5*i - 25. Let j = 7 + y. What is the remainder when x(-1) is divided by j?
6
Let u be (-166)/(8/36 + (-33)/27). Suppose -672 + u = 11*w. Let a = w - -83. Calculate the remainder when 106 is divided by a.
32
Suppose 15 = 3*m, m - 18728 + 838 = -5*n. Suppose 1 - n = -8*j. What is the remainder when j is divided by 45?
42
Suppose 279604 = 210*q - 166226. What is the remainder when q is divided by 52?
43
Let j = 15 + -17. What is the remainder when 121 is divided by ((-2)/j)/(8 - (-1785)/(-224))?
25
Suppose -5*y - l + 6205 = 0, 3*l + 3872 = 3*y + 149. What is the remainder when y is divided by 620?
1
Suppose -3*r + 1108 = -z, 732 = 7*r - 5*r - 4*z. Suppose 17*c - r - 140 = 0. What is the remainder when c is divided by 23?
7
Suppose -3*g - 20 = 